
3, 43, 59243
List the prime factors of 1210086.
2, 3, 22409
List the prime factors of 3063485.
5, 17, 23, 1567
What are the prime factors of 16157019?
3, 223, 24151
List the prime factors of 12528524.
2, 17, 19, 9697
What are the prime factors of 287672?
2, 7, 11, 467
What are the prime factors of 233562?
2, 3, 7, 67, 83
List the prime factors of 888977.
563, 1579
What are the prime factors of 2379155?
5, 475831
What are the prime factors of 6922628?
2, 1730657
List the prime factors of 7309872.
2, 3, 16921
What are the prime factors of 807821?
7, 37, 3119
List the prime factors of 77719.
77719
What are the prime factors of 2673052?
2, 43, 15541
What are the prime factors of 111278?
2, 55639
What are the prime factors of 2821164?
2, 3, 233, 1009
What are the prime factors of 1177197?
3, 7, 29, 1933
List the prime factors of 31185060.
2, 3, 5, 307, 1693
List the prime factors of 722643.
3, 240881
What are the prime factors of 5029531?
13, 386887
List the prime factors of 203149.
53, 3833
What are the prime factors of 3430952?
2, 7, 197, 311
What are the prime factors of 4009179?
3, 1336393
List the prime factors of 931809.
3, 263, 1181
List the prime factors of 788715.
3, 5, 17, 1031
List the prime factors of 55738.
2, 29, 31
What are the prime factors of 2634202?
2, 653, 2017
What are the prime factors of 1183813?
1183813
List the prime factors of 95732.
2, 7, 13, 263
What are the prime factors of 588861?
3, 7, 13, 719
What are the prime factors of 331567?
41, 8087
What are the prime factors of 83631?
3, 61, 457
What are the prime factors of 151929?
3, 17, 331
What are the prime factors of 4311493?
1601, 2693
What are the prime factors of 7137918?
2, 3, 257, 1543
What are the prime factors of 19250662?
2, 599, 16069
List the prime factors of 5393496.
2, 3, 224729
What are the prime factors of 215569?
73, 2953
What are the prime factors of 7597816?
2, 97, 9791
List the prime factors of 176226.
2, 3, 23, 1277
What are the prime factors of 12285345?
3, 5, 127, 6449
List the prime factors of 64218.
2, 3, 7, 11, 139
List the prime factors of 10067090.
2, 5, 11, 71, 1289
What are the prime factors of 230286?
2, 3, 7, 5483
List the prime factors of 22424294.
2, 19, 37, 41, 389
What are the prime factors of 3533292?
2, 3, 7, 2003
What are the prime factors of 5449792?
2, 17, 5009
List the prime factors of 2108651.
31, 251, 271
List the prime factors of 75362.
2, 7, 769
List the prime factors of 1123257.
3, 29, 12911
List the prime factors of 1197191.
17, 70423
What are the prime factors of 223495?
5, 44699
What are the prime factors of 412438?
2, 13, 29, 547
What are the prime factors of 5668941?
3, 1889647
What are the prime factors of 5888941?
839, 7019
What are the prime factors of 4201613?
13, 323201
List the prime factors of 1104458.
2, 41, 13469
List the prime factors of 12763709.
7, 107, 17041
List the prime factors of 277592.
2, 7, 4957
List the prime factors of 8174741.
8174741
List the prime factors of 762910.
2, 5, 23, 31, 107
List the prime factors of 764312.
2, 95539
What are the prime factors of 345814?
2, 7, 17, 1453
What are the prime factors of 130110?
2, 3, 5, 4337
What are the prime factors of 133691?
133691
What are the prime factors of 164789?
164789
What are the prime factors of 1359578?
2, 11, 29, 2131
List the prime factors of 23202099.
3, 547, 1571
List the prime factors of 1105470.
2, 3, 5, 71, 173
List the prime factors of 9002286.
2, 3, 47, 3547
What are the prime factors of 1037663?
11, 17, 31, 179
What are the prime factors of 28785754?
2, 14392877
What are the prime factors of 1360359?
3, 7, 11, 13, 151
What are the prime factors of 5904208?
2, 369013
What are the prime factors of 4728724?
2, 7, 11, 13, 1181
List the prime factors of 2263650.
2, 3, 5, 15091
List the prime factors of 1077096.
2, 3, 44879
What are the prime factors of 28816?
2, 1801
What are the prime factors of 10534023?
3, 23, 16963
List the prime factors of 50510.
2, 5, 5051
List the prime factors of 551761.
7, 78823
What are the prime factors of 10994888?
2, 41, 33521
What are the prime factors of 2664780?
2, 3, 5, 23, 1931
What are the prime factors of 406954?
2, 283, 719
What are the prime factors of 181616?
2, 11351
List the prime factors of 232469.
31, 7499
List the prime factors of 957.
3, 11, 29
List the prime factors of 845854.
2, 422927
List the prime factors of 4271541.
3, 59, 24133
What are the prime factors of 204493?
17, 23, 523
What are the prime factors of 215263?
167, 1289
List the prime factors of 2452430.
2, 5, 103, 2381
What are the prime factors of 3504032?
2, 7, 15643
What are the prime factors of 666829?
666829
What are the prime factors of 186970?
2, 5, 7, 2671
List the prime factors of 735159.
3, 191, 1283
List the prime factors of 76907.
76907
What are the prime factors of 1089228?
2, 3, 7, 12967
List the prime factors of 2069454.
2, 3, 344909
What are the prime factors of 121007?
121007
What are the prime factors of 306705?
3, 5, 7, 23, 127
List the prime factors of 7503738.
2, 3, 11, 41, 47, 59
What are the prime factors of 29333498?
2, 14666749
List the prime factors of 11630873.
17, 83, 8243
List the prime factors of 18251755.
5, 149, 24499
List the prime factors of 165625.
5, 53
What are the prime factors of 893093?
893093
What are the prime factors of 32299?
32299
What are the prime factors of 2443490?
2, 5, 7, 67, 521
List the prime factors of 6808483.
11, 17, 23, 1583
List the prime factors of 227934.
2, 3, 7, 67
What are the prime factors of 109517?
109517
List the prime factors of 118694.
2, 17, 3491
List the prime factors of 11026515.
3, 5, 367, 2003
List the prime factors of 824468.
2, 53, 3889
What are the prime factors of 3356511?
3, 1118837
List the prime factors of 1867830.
2, 3, 5, 23, 2707
List the prime factors of 12585304.
2, 17, 29, 3191
List the prime factors of 12368824.
2, 13, 118931
What are the prime factors of 128184?
2, 3, 7, 109
What are the prime factors of 330252?
2, 3, 13, 29, 73
What are the prime factors of 2123809?
919, 2311
List the prime factors of 1470673.
173, 8501
What are the prime factors of 2498453?
2498453
List the prime factors of 549978.
2, 3, 11, 13, 641
What are the prime factors of 11454168?
2, 3, 11, 43, 1009
What are the prime factors of 2158244?
2, 11, 181, 271
List the prime factors of 47382.
2, 3, 53, 149
What are the prime factors of 217418?
2, 108709
What are the prime factors of 6385301?
13, 67, 7331
List the prime factors of 301749.
3, 7, 14369
What are the prime factors of 469919?
469919
What are the prime factors of 11963347?
11, 103, 10559
List the prime factors of 11065760.
2, 5, 23, 31, 97
List the prime factors of 175291.
175291
List the prime factors of 419500.
2, 5, 839
What are the prime factors of 289091?
11, 41, 641
What are the prime factors of 4504958?
2, 157, 14347
What are the prime factors of 7420053?
3, 23, 53, 2029
What are the prime factors of 710089?
710089
What are the prime factors of 1795567?
97, 107, 173
List the prime factors of 724876.
2, 181219
List the prime factors of 49661.
53, 937
What are the prime factors of 4328075?
5, 37, 4679
What are the prime factors of 2041311?
3, 101, 6737
List the prime factors of 13306317.
3, 4435439
What are the prime factors of 2953313?
11, 383, 701
List the prime factors of 535752.
2, 3, 7, 1063
What are the prime factors of 876514?
2, 53, 8269
List the prime factors of 5248267.
1451, 3617
What are the prime factors of 2945614?
2, 7, 210401
What are the prime factors of 1369905?
3, 5, 271, 337
List the prime factors of 191609.
11, 17419
List the prime factors of 3198867.
3, 7, 47, 463
What are the prime factors of 150459?
3, 50153
What are the prime factors of 837357?
3, 279119
What are the prime factors of 650459?
241, 2699
List the prime factors of 5581134.
2, 3, 13, 17, 23, 61
What are the prime factors of 342291?
3, 71, 1607
What are the prime factors of 1502413?
11, 73, 1871
What are the prime factors of 3566372?
2, 891593
List the prime factors of 6056430.
2, 3, 5, 201881
What are the prime factors of 108947?
108947
List the prime factors of 8984806.
2, 17, 401, 659
List the prime factors of 1110912.
2, 3, 11, 263
What are the prime factors of 700167?
3, 13, 1381
List the prime factors of 4710299.
1